 = -13 + 14. Let p = b + 1. Suppose -p*o - 5*w = -58, o - 4*w + 0*w = 42. List the prime factors of o.
2, 17
Let c(b) = 3*b - 2. Let p be c(2). Let o(g) = 4*g**2 - g - 4. What are the prime factors of o(p)?
2, 7
Suppose 0 = z + z + 30. Let b = z + 15. Suppose b = -2*k + 7*k - 45. What are the prime factors of k?
3
Let x be 3*(3 - (-2)/(-6)). Let g = 40 - x. Let s = g - 11. List the prime factors of s.
3, 7
Let w be 48/36 + (-10)/3. What are the prime factors of (-2 + -1 + 127)*(-1 - w)?
2, 31
Let y(t) = t + 20. Let b be y(-17). Suppose b*r = q + 112, -3*q - 36 = -r - 4*q. List the prime factors of r.
37
Let y be (-1)/3 - 52/(-12). Suppose p - 8 = 2*g + 6, 5*p + y*g = 14. Let a = 16 - p. List the prime factors of a.
2, 5
Let l(y) = y**2 - y + 1. Suppose p - 4*r = 24, -3*p - 4*r + 17 = -5*r. What are the prime factors of l(p)?
13
Let y(k) = 2*k**2 - 6*k - 22. List the prime factors of y(17).
2, 227
Let c = -4 + 6. Suppose -2*d + 4 + c = 0. Suppose 2*a + d*a = 40. What are the prime factors of a?
2
Let n(i) be the first derivative of 5*i**3/6 - 7*i - 9. Let j(y) be the first derivative of n(y). What are the prime factors of j(8)?
2, 5
Let k(b) = b**2 - b - 22. Suppose -l - 30 = -4*l. Let q be k(l). Suppose 3*r - 5*h = q, -2*r + 0*r + 3*h + 47 = 0. What are the prime factors of r?
31
Suppose 0 = -3*j + 8*j. Suppose -5*z + 0*z - 2*w + 443 = j, -4 = 4*w. List the prime factors of z.
89
Suppose -3*v + 3*j + 264 = v, -5*j - 146 = -2*v. Let s = -8 + v. List the prime factors of s.
5, 11
Let j(z) = 30*z - 11. Let v(x) = -x. Let m(r) = j(r) + 5*v(r). List the prime factors of m(4).
89
Let q(a) = -303*a - 417. List the prime factors of q(-8).
3, 223
Let c(v) = 2*v - 4. Let s be c(-11). Let i = s - -40. List the prime factors of 301/i - (-1)/(-2).
3, 7
Let z(o) = -4*o + 11. Let w be z(4). What are the prime factors of (-1)/w*1 - (-4809)/105?
2, 23
Suppose h + 28 = -4*i - 2*h, -4*i - 32 = 4*h. Let f = i + 14. Let m = f + 1. List the prime factors of m.
11
Let f be (1/2)/(2/4). Suppose 6*y - y = 135. Let i = y - f. What are the prime factors of i?
2, 13
Suppose -4*w - 276 = -3*m - 6*w, -w - 447 = -5*m. List the prime factors of m.
2, 3, 5
Suppose -5*u - j + 685 = -3*j, -j - 273 = -2*u. Let m = u + -53. List the prime factors of m.
2, 43
Let i be (-1)/3 + -4 + (-1756)/(-12). Let u = 231 - i. List the prime factors of u.
89
Let c(m) = 45*m**3 - 2*m**2 - m + 1. Let s be (-3)/(-6)*(0 - -2). What are the prime factors of c(s)?
43
Suppose -18 = -5*s + 2, 4*l + 2*s - 5208 = 0. What are the prime factors of l?
2, 5, 13
Let d be 0 - ((-21)/(-6) - 4)*-54. What are the prime factors of (18/d)/(2/(-51))?
17
Suppose 0 = 32*r - 28510 - 8962. List the prime factors of r.
1171
Suppose -3*b + 4*c - 2*c + 193 = 0, 0 = -b + 4*c + 81. Let j = b - -12. Suppose 3*l - 65 = a + j, -4*l + 3*a + 184 = 0. List the prime factors of l.
2, 23
List the prime factors of (-50)/15*732/(-10).
2, 61
Let g = 1444 - 959. What are the prime factors of g?
5, 97
Let v = 619 + -319. What are the prime factors of (v/6)/((-2)/(-4))?
2, 5
Let j(v) = 44*v**2 + 2*v + 1. Suppose 2*l = 2*r + 12, 5*r + 12 = l - 5*l. Let z be r - -3 - 0/(-1). List the prime factors of j(z).
43
Let c(u) be the first derivative of 2*u**3/3 + 11*u**2/2 + 20*u + 6. What are the prime factors of c(-11)?
3, 47
Let h = 100 - -1279. List the prime factors of h.
7, 197
Let r be 16/(-12)*((-63)/(-2))/(-7). Suppose r*p = 222 + 666. What are the prime factors of p?
2, 37
Let l(s) = -2*s - 32. Let a be l(-7). List the prime factors of (-14510)/(-90) + ((-14)/a - 1).
7, 23
Let r = -72 + 79. Let d(m) = 5*m**2 - 12*m - 35. What are the prime factors of d(r)?
2, 3, 7
Let w be ((-2)/4)/(1/26). Let b = w + 15. Suppose b*q - 16 - 10 = 0. What are the prime factors of q?
13
Let l(r) = -r**2 + 19*r - 78. List the prime factors of l(7).
2, 3
Let o(l) = 3*l**2 + 13*l - 7. Let a be (-2)/6*-9 - 13. What are the prime factors of o(a)?
163
Let m be 28/(-126) + (-112)/(-18). Let z(a) = 9*a**2 - 7*a - 4. List the prime factors of z(m).
2, 139
Let k(z) = 54*z - 3*z**3 - 44*z - 18 + 4*z**3 + 14*z**2. Let b = 18 - 31. List the prime factors of k(b).
3, 7
Let f(g) = 267*g**2 - 119*g - 3. List the prime factors of f(3).
3, 227
Let i = -5624 - -8031. List the prime factors of i.
29, 83
Suppose -2*f - 34 = -4*p, -f - 20 = -5*p + 9. Let t be f/2*(-8 - -2). Suppose 33 = 2*o - 3*z, -2*z - t = -4*o + 27. What are the prime factors of o?
2, 3
Let o(q) = -5 + 0 + 2 - q. Let c be o(11). Let u = -10 - c. What are the prime factors of u?
2
Suppose 158 - 1657 = -3*o - 5*q, -4*q + 996 = 2*o. List the prime factors of o.
2, 127
Let g be (-2)/(-9) + (-1562)/(-99). Suppose -11*k + g*k = 165. List the prime factors of k.
3, 11
Let m(w) = 0*w**2 - w - w**2 - 20*w**3 + 1 + 2*w**2 + 75*w**3. List the prime factors of m(1).
2, 7
Let t(m) = 4*m**2 + 96*m + 17. List the prime factors of t(-37).
3, 647
What are the prime factors of 51/85 + ((-35144)/(-10) - 0)?
5, 19, 37
Let j(x) be the second derivative of x**3/3 + x**2/2 - 5*x. Let d be j(1). Suppose -d*v = -8*v + 160. List the prime factors of v.
2
Let u(y) be the second derivative of y**5/20 - y**4/12 + y**2/2 + 11*y. Let b be u(-2). Let n(s) = -4*s + 10. What are the prime factors of n(b)?
2, 3
Let u(w) = -w**3 - 11*w**2 - 2*w - 14. Suppose -13*o + 22 = -15*o. What are the prime factors of u(o)?
2
Let j be (-68)/7 - 20/70. Let o = j - -15. Suppose -3*l = 4*k - o*k - 71, 0 = -4*l - 4*k + 68. List the prime factors of l.
2, 11
List the prime factors of 2115 - ((-15)/(-9))/((-90)/(-108)).
2113
Let a be ((-3)/12*10)/((-3)/6). Suppose -a*w = -w - 16. What are the prime factors of w?
2
Suppose -5*k + 15 = -165. Suppose -4*a = 4*t - k, 2*t + 2*a = a + 14. Suppose t*s = -9 + 79. What are the prime factors of s?
2, 7
Suppose 4*x = -4*a, 24 = 3*a - 5*x - 0*x. Suppose -2*l = a*l - 5*j - 125, 0 = -5*j + 25. What are the prime factors of l?
2, 3, 5
What are the prime factors of 203 + ((-2)/(-12) - 57/18)?
2, 5
Let o = -12 - -29. Suppose 12*t + 120 = o*t. List the prime factors of t.
2, 3
Suppose 16754 + 13348 = 58*n. List the prime factors of n.
3, 173
What are the prime factors of 24/54 + (-4578)/(-27)?
2, 5, 17
Suppose 0 = 56*r - 2*r - 66042. What are the prime factors of r?
1223
Let g(h) be the first derivative of 9*h**2/2 - 9*h - 103. Let j = 10 + -5. What are the prime factors of g(j)?
2, 3
Let b(z) = z**2 - 6*z - 3. Let v(q) = q + 12. Let a be v(-4). List the prime factors of b(a).
13
Suppose 5*n + 20 = -75. Let g be (-37)/(-2) - (15/10 - 2). List the prime factors of n + g + 36/2.
2, 3
Let c(p) = 19*p**2 + 14*p - 11. List the prime factors of c(-11).
2, 11, 97
What are the prime factors of 55/(-10)*(-34 + -4)?
11, 19
Suppose 2*k = 4*k + 6, k + 72 = 3*f. Suppose 2*c + f = 29. Suppose -2*x + 4*x - 55 = b, 0 = -x + c*b + 35. List the prime factors of x.
2, 13
Let d be (1 + 1)*1/(-1). Let j(y) = 3*y + 8. Let z(m) = 7*m + 17. Let v(u) = d*z(u) + 5*j(u). What are the prime factors of v(6)?
2, 3
What are the prime factors of 1155/(-140)*232/(-3)?
2, 11, 29
Let m = 45 + -42. Suppose -m*p + 7*p - 20 = 0. What are the prime factors of p?
5
Let l(o) be the third derivative of o**5/30 - o**4/12 + o**2. Let b(q) = -q + 13. Let m be b(10). List the prime factors of l(m).
2, 3
Let l be -1 + ((-38)/(-5))/((-2)/(-20)). Suppose 0 = -i - 3*h - 25, -3*i + 2*h = -5*i - 46. Let r = l + i. What are the prime factors of r?
53
Suppose 30*f = 7*f + 9660. List the prime factors of f.
2, 3, 5, 7
List the prime factors of 882/4*(27/(-21) - -3).
2, 3, 7
Let b = 6 - 31. List the prime factors of (3 + b/10)/(2/228).
3, 19
Suppose c = 320 + 307. What are the prime factors of c?
3, 11, 19
Let t(f) = -151*f**3 - 6*f**2 - 3*f + 8. List the prime factors of t(-2).
2, 599
List the prime factors of (-11 - -509) + 5 + 2.
5, 101
Let k(y) = -y**3 - 6*y**2 + y + 8. Let c(t) = -t**3 + t**2 - t. Let p be c(2). Let u be k(p). Suppose u*g - 7*g + 55 = 0. List the prime factors of g.
11
Let s be 3/24*4*0. Suppose -3*a + 30 + 138 = s. What are the prime factors of a?
2, 7
Suppose b + 4*z = 850, 4*b + 853 = 5*b + 3*z. What are the prime factors of b?
2, 431
Suppose -3*t - 9 = 24. Let w(z) = -z + 6 + 5 + 5 - 6. What are the prime factors of w(t)?
3, 7
Let z(p) = p**3 - 7*p**2 + 